 h(6).
6
Let p be (7 - (-3 + 3))*(-828)/12. Let a = p - -487. Let u(d) = 1 - 4 - d**2 + 2*d**2 - 4*d. Give u(a).
-3
Suppose -3*h = -2*u + 120 - 85, 8*h = -8. Let s(t) = t - 40. Give s(u).
-24
Let s(g) = -g**3 + 7*g**2 - 5*g - 5. Suppose 8*x - 14*x = 12. Let v be (7 + -13)/(2/x). Determine s(v).
1
Let k(f) = -f**2 + 10*f + 5. Let l be (2*(-6)/(-8))/((-35)/(-280)). Give k(l).
-19
Let l(x) = -24*x + 6. Let b(c) = -13*c + 3. Let s be (2/3)/(10/60). Let o(w) = s*l(w) - 7*b(w). What is o(3)?
-12
Let j be 23 - (-1 - (-10 + 3)). Let l(r) = r**3 - 16*r**2 - 20*r + 18. What is l(j)?
-33
Let b(v) = -v**2 - 570*v - 1. Let u be b(0). Let m(l) = -100*l - 99. Determine m(u).
1
Let t be ((-1)/(-3)*0)/(-1). Let p be (-5 - -3 - -165)/(0 - -1). Let w(v) = 9 + 85*v - p*v + 79*v. What is w(t)?
9
Let d be 7512/840 + 2/35. Let o(f) = f**3 - 8*f**2 - 7*f - 44. Give o(d).
-26
Let t(a) be the first derivative of -a**4/4 - 2*a**3 + 3*a**2 - 13*a - 1027. Determine t(-7).
-6
Let v(w) = -12*w + 469 + 5*w**2 - 469. Calculate v(4).
32
Let a(y) = 1331*y**2 - 2667*y**2 - y + 1334*y**2 + y**3. Let n(w) = 7*w**3 - 3*w**2 - 15*w + 9. Let m(j) = -6*a(j) + n(j). Give m(-10).
-1
Let a(g) = -28*g**2 + 6. Let w be ((-896)/(-32) - 26)*((-2 - -4) + -3). Calculate a(w).
-106
Let q(v) = 27*v**2 + 828*v - 274. Let u be q(-31). Let a(k) = -2 - 8*k + 3 + k**3 - 3 + 3*k - 5*k**2. What is a(u)?
-27
Let t(z) be the second derivative of -z**5/20 - 5*z**4/12 - z**3 - 5*z**2/2 + 7*z. Let l = -16 + 20. Suppose -9 - 7 = l*y. What is t(y)?
3
Let w(n) = 4*n - 4. Let k be 4 + 2/(-1) - (-1 - -2). Let h(j) = 1. Let z(u) = k*h(u) - w(u). Let d(t) = t**3 + 10*t**2 + 15*t - 12. Let p be d(-8). Give z(p).
21
Let g(s) be the first derivative of 5*s**2/2 - 2*s + 3. Let u be (-3)/4 - (-1 - 59/4). Suppose 8*a - u = 13*a. Give g(a).
-17
Suppose 0 = -74*z + 90*z - 1360. Let s(a) = z*a - 33*a**2 - 9*a**2 - 84*a. Determine s(-1).
-43
Let t(x) = 3*x - 99. Let b = 1252 - 1219. Determine t(b).
0
Let b be (-16)/((-320)/(-12))*(1155/(-18))/11. Let i(n) be the first derivative of -16 - 6*n - 1/3*n**3 - b*n**2. Give i(-5).
4
Let c(u) be the second derivative of 23*u**3/6 - 30*u**2 - 3*u + 2325. Calculate c(6).
78
Suppose 2*d + d - 9 = f, 45 = 5*f + 3*d. Let i(z) = -2 + z**2 - z**2 + 3*z + f*z**2 + 4*z**2 - 6*z**2. What is i(1)?
5
Let c(m) = 3*m - 18. Let d(o) = -o + 6. Let s(x) = x**3 - 2*x**2 + 9. Let h be s(3). Let q be (h/(-21))/(7/49). Let n(a) = q*c(a) - 17*d(a). What is n(5)?
1
Let k(p) be the second derivative of -35*p + 0*p**2 + 1/240*p**6 + 0*p**3 - 7/120*p**5 - 17/12*p**4 + 0. Let s(b) be the third derivative of k(b). Give s(8).
17
Let p(c) = c - 15. Suppose 3*h - 8*h + 10 = 0. Let t(k) = 13 - h*k + 9 - 2*k + 9*k. Let m be t(-3). Calculate p(m).
-8
Let f(b) = 2*b**2 - 4*b + 6. Let n(c) = -37*c - 441. Let a be n(-12). Give f(a).
12
Let x(k) be the third derivative of -k**4/24 + 4*k**3/3 - 2326*k**2. Give x(19).
-11
Let k(m) = 17*m + 146. Let x(q) = 742*q - 2235. Let t be x(3). Determine k(t).
-7
Let i be (-6)/22 - (18000/(-220))/36. Let p(n) = -3*n**2 + 41*n - 77. Calculate p(i).
-7
Let b(j) = j**3 + 6*j**2 + 3*j - 5. Let r(o) be the first derivative of -7*o**2 - 76*o - 50. Let d be r(-5). Determine b(d).
-23
Let d(u) = 6*u**3 - 2*u**2 + 2*u - 1. Suppose -51 = 11*z + 81. Let r be ((-58)/z - 5)/(5/(-30)). What is d(r)?
5
Let z(n) = 12 + 128*n**3 - 69*n**3 + 2*n - 60*n**3 - 12*n**2. Determine z(-12).
-12
Let s = 983 + -996. Let x(q) = q**2 + 18*q + 68. Determine x(s).
3
Let h(c) = -3*c**2 + 50*c + 6. Suppose -867 = 48*f - 99*f. Determine h(f).
-11
Let n = 43937 + -43953. Let l(m) = 11*m + 32. Determine l(n).
-144
Let x(q) be the first derivative of -q**3/3 - 5*q**2 - 4*q + 1. Suppose 0 = l + 6*z - 1505 + 1458, -4*z = 3*l - 15. Give x(l).
17
Let q(v) = 46*v - 1. Let g(x) = -3*x**2 - 299*x. Let c(d) = -g(d) - 7*q(d). Calculate c(9).
43
Suppose f = -3*h + 2*h - 669, -f = 2*h + 665. Let a = f - -669. Let u(r) = 5*r + 9. Give u(a).
-11
Let q(w) be the second derivative of -w**5/20 + 5*w**4/12 + w**3/6 - 3*w**2 + 409336*w. Let g be 6/(-2)*4/(-6). Let u be g/(-4)*-2*5. Give q(u).
-1
Let v = 19399 - 19396. Let w(y) = y**2 - 3*y + 3. Determine w(v).
3
Suppose -2*r - 2*r - s = -87, -r = 4*s - 3. Suppose 3*g + 7 = -b, -4*b + 3*g + r = -2*g. Let f(p) = -2*p**2 - 3*p + 2. Determine f(b).
-12
Let s(t) be the second derivative of 1/6*t**3 + 0 - 1/2*t**2 + 0*t**4 - 89*t - 3/5*t**5. Calculate s(1).
-12
Let x(o) = -o**3 - o**2 + 5*o - 7. Let i be x(-3). Let k be (-6)/4 - 6/48*i. Let t(l) = 7*l**3 - l**2 - 2*l - 1. What is t(k)?
-7
Let h(u) = 6*u + 2. Let z(s) = s**2 - 8*s + 18. Suppose -123 = -19*k - 47. Let b be z(k). Give h(b).
14
Let v(t) = 3 + 2*t - 4*t - 4*t. Let g(j) = -4*j**2 - 12*j - 4. Let z be g(-3). Let c be (2/z)/(-4 - 30/(-8)). What is v(c)?
-9
Let h(a) = -2*a**2 + 7*a - 7. Let p = -10702 + 10703. Calculate h(p).
-2
Let a(m) = 44*m + 9 - 68*m + 36*m - 7. Calculate a(-2).
-22
Let r be 94/14 + (-180)/(-630). Let f(q) = 9*q - 47. Let s(y) = -6*y + 32. Let l(d) = r*s(d) + 5*f(d). What is l(-6)?
-29
Let w(l) = -8 + 16 - 10. Let p(f) = f**2 + f + 1. Let u(c) = -c**3 + 3*c - 2. Let b be u(2). Let g(z) = b*p(z) - w(z). Determine g(-2).
-10
Let f(h) = -5*h + 4*h - 20 + 9 + 2 + 10. What is f(2)?
-1
Let h = -39075 - -39115. Let n(p) = -12*p + 473. Calculate n(h).
-7
Suppose -5*d = a - 475, 404 = 2*d + 2*d - 4*a. Let j(s) = d*s - 52*s + 1 - 43*s. Let h(l) = l**3 - 2*l**2 - 3*l - 2. Let i be h(3). Give j(i).
-1
Suppose 81 = 4*v + 73. Let g(p) = -34*p**2 - 2 - 28*p**2 - 23*p**2 + 108*p**2 - 24*p**v. Determine g(5).
-27
Let m(q) = 2*q**2 - 4*q - 8. Let y = 9526 + -9522. Determine m(y).
8
Let y(r) be the third derivative of r**6/60 + r**5/15 + r**4/8 + r**3/3 + 620*r**2. Give y(-3).
-25
Let c(q) = -7*q**3 - 8*q**2 - 5*q + 8. Let u(y) = -2*y**3 - 3*y**2 - 2*y + 2. Let x(p) = -3*c(p) + 10*u(p). Let d = 25 + -18. Calculate x(d).
10
Let j = -4677 + 4663. Let n(z) = -z**3 - 15*z**2 - 17*z - 49. Calculate n(j).
-7
Let j be 225/75*(-1 - 2). Let g(r) = -r**3 - 11*r**2 - 9*r + 11. What is g(j)?
-70
Let u(c) = -140*c - 655*c - 2 + 794*c. Let h be 0 + (0 - -2) - -3. Give u(h).
-7
Let b(i) = i - 4*i - 620 + 4*i + 559. Let o be b(55). Let u(c) = -c**2 - 3*c - 7. Give u(o).
-25
Let u(k) = k**2 - 2*k - 22. Let d = 1189 + -1182. Give u(d).
13
Suppose -22*p + 6 = -21*p. Suppose p*a = 1201 - 1231. Let j(l) = -l**2 - 6*l - 6. Determine j(a).
-1
Let l(w) = -w**2 - 687*w - 4 - 29 + 706*w. Calculate l(12).
51
Let i be (-45 - 23001/(-510))/(1/40). Let m(d) = -2*d**2 + d + 3 - 9 + 2*d. What is m(i)?
-26
Let t(p) = 4*p**2 - 1. Let y = -98 + 99. Suppose -32*b + 29*b + 11 = -5*o, o = -b + y. Calculate t(o).
3
Let p = 8741 - 8767. Let q(h) = -h**2 - 27*h - 21. What is q(p)?
5
Let i = -693 + 380. Let c = -304 - i. Let h(m) = -m + 5. Give h(c).
-4
Suppose 0 = 5*x + 2*c + 10, -2*x + 3*c + 7 = -8. Let q(r) = r**2 - 4 + 96*r + 108*r + r**3 + 44*r - 248*r. Calculate q(x).
-4
Let f(m) = -m**3 - 12*m**2 + 12*m - 19. Let r = -1464 - -1451. What is f(r)?
-6
Let p(d) be the second derivative of 5*d**3/3 + 34*d**2 + 1674*d. Determine p(-6).
8
Suppose -351 = 20*k - 107*k - 30*k. Let p(x) = -x**2 + 9*x - 6. Give p(k).
12
Let t(j) be the first derivative of 27*j - 5/6*j**3 - 38 - 1/20*j**5 + 2*j**2 - 2/3*j**4. Let f(o) be the first derivative of t(o). Give f(-7).
-10
Let c(y) be the first derivative of -y**3/3 + 7*y**2/2 - 25*y + 1168. Determine c(6).
-19
Let m(n) = -2*n**2 + 10*n + 19. Let g be 9/(2/(-4) + 2). Let b be m(g). Let x(c) = -c**2 + 4*c + 7. Calculate x(b).
-14
Let j(l) be the second derivative of -l**4/12 - 29*l**3/6 + 211*l**2/2 + 18*l - 176. What is j(6)?
1
Suppose -24*l = -5*l - 285. Suppose -13*m = -l*m + 18. Let i(o) = -o + 11. What is i(m)?
2
Suppose 465*c + 28 = 469*c. Let k(x) = 4 + c*x**2 - 8*x**2 + 4*x + 2 - 7 - 2. Suppose -4 = -p - p. Give k(p).
1
Let v(w) = 6*w - 151. Let r(x) = -x + 41. Let p(j) = -3*r(j) - v(j). Determine p(8).
4
Let v(j) = j**2 + 6*j + 11. Let u(k) = k**2 - 111*k + 620. Let z be u(6). Determine v(z).
51
Let x(q) be the second derivative of -9*q - 1/6*q**3 - 12*q**2 + 0. Let y be x(-20). Let t(f) = f + 2. Determine t(y).
-2
Suppose 0 = 26*s - 21*s - 5*a + 40, -5*a = -40. Let y(x) = -x**3 - x**2 + x - 13. What is y(s)?
-13
Let v(q)